{"id":11,"date":"2024-04-30T03:12:22","date_gmt":"2024-04-30T03:12:22","guid":{"rendered":"https:\/\/ap0.qsandbox.cloud\/site\/zakra-dentify\/?page_id=11"},"modified":"2025-07-29T12:13:31","modified_gmt":"2025-07-29T12:13:31","slug":"kontakti","status":"publish","type":"page","link":"https:\/\/prodental.wwh.lv\/?page_id=11","title":{"rendered":"Kontakti"},"content":{"rendered":"\t\t<div data-elementor-type=\"wp-page\" data-elementor-id=\"11\" class=\"elementor elementor-11\">\n\t\t\t\t<div class=\"elementor-element elementor-element-a3b30ae e-flex e-con-boxed e-con e-parent\" data-id=\"a3b30ae\" data-element_type=\"container\">\n\t\t\t\t\t<div class=\"e-con-inner\">\n\t\t<div class=\"elementor-element elementor-element-bee7e6d e-con-full e-flex e-con e-child\" data-id=\"bee7e6d\" data-element_type=\"container\">\n\t\t\t\t<div class=\"elementor-element elementor-element-6940cbb elementor-widget__width-initial elementor-widget elementor-widget-image\" data-id=\"6940cbb\" data-element_type=\"widget\" data-widget_type=\"image.default\">\n\t\t\t\t<div class=\"elementor-widget-container\">\n\t\t\t\t\t\t\t\t\t\t\t\t\t\t\t<img decoding=\"async\" width=\"300\" height=\"100\" src=\"https:\/\/prodental.wwh.lv\/wp-content\/uploads\/2025\/06\/cropped-ProDental_logo-300x100.jpg\" class=\"attachment-medium size-medium wp-image-2887\" alt=\"\" srcset=\"https:\/\/prodental.wwh.lv\/wp-content\/uploads\/2025\/06\/cropped-ProDental_logo-300x100.jpg 300w, https:\/\/prodental.wwh.lv\/wp-content\/uploads\/2025\/06\/cropped-ProDental_logo-1024x341.jpg 1024w, https:\/\/prodental.wwh.lv\/wp-content\/uploads\/2025\/06\/cropped-ProDental_logo-768x256.jpg 768w, https:\/\/prodental.wwh.lv\/wp-content\/uploads\/2025\/06\/cropped-ProDental_logo.jpg 1080w\" sizes=\"(max-width: 300px) 100vw, 300px\" \/>\t\t\t\t\t\t\t\t\t\t\t\t\t\t\t<\/div>\n\t\t\t\t<\/div>\n\t\t\t\t<\/div>\n\t\t\t\t\t<\/div>\n\t\t\t\t<\/div>\n\t\t<div class=\"elementor-element elementor-element-60b36be e-flex e-con-boxed e-con e-parent\" data-id=\"60b36be\" data-element_type=\"container\">\n\t\t\t\t\t<div class=\"e-con-inner\">\n\t\t<div class=\"elementor-element elementor-element-f0ca995 e-con-full e-flex e-con e-child\" data-id=\"f0ca995\" data-element_type=\"container\" data-settings=\"{&quot;background_background&quot;:&quot;classic&quot;,&quot;position&quot;:&quot;absolute&quot;}\">\n\t\t<div class=\"elementor-element elementor-element-4828e25 e-flex e-con-boxed e-con e-child\" data-id=\"4828e25\" data-element_type=\"container\">\n\t\t\t\t\t<div class=\"e-con-inner\">\n\t\t\t\t<div class=\"elementor-element elementor-element-2fc29d9 elementor-widget elementor-widget-heading\" data-id=\"2fc29d9\" data-element_type=\"widget\" data-widget_type=\"heading.default\">\n\t\t\t\t<div class=\"elementor-widget-container\">\n\t\t\t\t\t<h2 class=\"elementor-heading-title elementor-size-default\">Kontaktinform\u0101cija un rekviz\u012bti<\/h2>\t\t\t\t<\/div>\n\t\t\t\t<\/div>\n\t\t\t\t\t<\/div>\n\t\t\t\t<\/div>\n\t\t\t\t<\/div>\n\t\t\t\t\t<\/div>\n\t\t\t\t<\/div>\n\t\t<div class=\"elementor-element elementor-element-1782c10 e-flex e-con-boxed e-con e-parent\" data-id=\"1782c10\" data-element_type=\"container\">\n\t\t\t\t\t<div class=\"e-con-inner\">\n\t\t<div class=\"elementor-element elementor-element-a69ecdf e-grid e-con-full e-con e-child\" data-id=\"a69ecdf\" data-element_type=\"container\">\n\t\t\t\t<div class=\"elementor-element elementor-element-1a773b9 elementor-widget elementor-widget-google_maps\" data-id=\"1a773b9\" data-element_type=\"widget\" data-widget_type=\"google_maps.default\">\n\t\t\t\t<div class=\"elementor-widget-container\">\n\t\t\t\t\t\t\t<div class=\"elementor-custom-embed\">\n\t\t\t<iframe loading=\"lazy\"\n\t\t\t\t\tsrc=\"https:\/\/maps.google.com\/maps?q=Gustava%20Zemgala%20gatve%2012%2C%20R%C4%ABga%2C%20LV-1084&#038;t=m&#038;z=10&#038;output=embed&#038;iwloc=near\"\n\t\t\t\t\ttitle=\"Gustava Zemgala gatve 12, R\u012bga, LV-1084\"\n\t\t\t\t\taria-label=\"Gustava Zemgala gatve 12, R\u012bga, LV-1084\"\n\t\t\t><\/iframe>\n\t\t<\/div>\n\t\t\t\t\t\t<\/div>\n\t\t\t\t<\/div>\n\t\t<div class=\"elementor-element elementor-element-0a663d3 e-con-full e-flex e-con e-child\" data-id=\"0a663d3\" data-element_type=\"container\">\n\t\t\t\t<div class=\"elementor-element elementor-element-36f586c elementor-widget__width-initial elementor-widget elementor-widget-heading\" data-id=\"36f586c\" data-element_type=\"widget\" data-widget_type=\"heading.default\">\n\t\t\t\t<div class=\"elementor-widget-container\">\n\t\t\t\t\t<h2 class=\"elementor-heading-title elementor-size-default\">Piesaki viz\u012bti vai uzdod jaut\u0101jumu<\/h2>\t\t\t\t<\/div>\n\t\t\t\t<\/div>\n\t\t\t\t<div class=\"elementor-element elementor-element-fd4ea18 elementor-widget elementor-widget-text-editor\" data-id=\"fd4ea18\" data-element_type=\"widget\" data-widget_type=\"text-editor.default\">\n\t\t\t\t<div class=\"elementor-widget-container\">\n\t\t\t\t\t\t\t\t\t<p>Aizpildi veidlapas formu un m\u0113s sazin\u0101simies!<\/p>\t\t\t\t\t\t\t\t<\/div>\n\t\t\t\t<\/div>\n\t\t<div class=\"elementor-element elementor-element-07cd039 e-con-full e-flex e-con e-child\" data-id=\"07cd039\" data-element_type=\"container\" data-settings=\"{&quot;background_background&quot;:&quot;classic&quot;}\">\n\t\t\t\t<div class=\"elementor-element elementor-element-85a52cf elementor-widget elementor-widget-everest-forms\" data-id=\"85a52cf\" data-element_type=\"widget\" data-widget_type=\"everest-forms.default\">\n\t\t\t\t<div class=\"elementor-widget-container\">\n\t\t\t\t\t\t\t\t<div class=\"everest-forms\"><div class=\"evf-container default\" id=\"evf-7\"><form id=\"evf-form-7\" class=\"everest-form\" data-formid=\"7\" data-ajax_submission=\"0\" data-keyboard_friendly_form=\"0\" data-form_state_type=\"\" method=\"post\" enctype=\"multipart\/form-data\" action=\"\/index.php?rest_route=%2Fwp%2Fv2%2Fpages%2F11\"><div class=\"evf-field-container\"><input type=\"hidden\" id=\"_wpnonce7\" name=\"_wpnonce7\" value=\"42a154e366\" \/><input type=\"hidden\" name=\"_wp_http_referer\" value=\"\/index.php?rest_route=%2Fwp%2Fv2%2Fpages%2F11\" \/><div class=\"evf-frontend-row\" data-row=\"row_1\" conditional_rules=\"[]\"><div class=\"evf-frontend-grid evf-grid-1\" data-grid=\"grid_1\"><div id=\"evf-7-field_fullname-container\" class=\"evf-field evf-field-text form-row validate-required\" data-required-field-message=\"Oblig\u0101ti nepiecie\u0161ams\" data-field-id=\"fullname\"><label class=\"evf-field-label\" for=\"evf-7-field_fullname\"><span class=\"evf-label\">V\u0101rds<\/span> <abbr class=\"required\" title=\"Required\">*<\/abbr><\/label><input type=\"text\" id=\"evf-7-field_fullname\" class=\"input-text\" name=\"everest_forms[form_fields][fullname]\" required><\/div><div id=\"evf-7-field_email-container\" class=\"evf-field evf-field-email form-row validate-required validate-email\" data-required-field-message=\"Ievadiet pareizu epastu\" data-field-id=\"email\"><label class=\"evf-field-label\" for=\"evf-7-field_email\"><span class=\"evf-label\">E-pasts<\/span> <abbr class=\"required\" title=\"Required\">*<\/abbr><\/label><input type=\"email\" id=\"evf-7-field_email\" class=\"input-text\" name=\"everest_forms[form_fields][email]\" required ><\/div><div id=\"evf-7-field_message-container\" class=\"evf-field evf-field-textarea form-row validate-required\" data-required-field-message=\"Oblig\u0101ti nepiecie\u0161ams\" data-field-id=\"message\"><label class=\"evf-field-label\" for=\"evf-7-field_message\"><span class=\"evf-label\">Zi\u0146a<\/span> <abbr class=\"required\" title=\"Required\">*<\/abbr><\/label><textarea id=\"evf-7-field_message\" class=\"input-text\" name=\"everest_forms[form_fields][message]\" required ><\/textarea><\/div><\/div><\/div><\/div><div class=\"evf-honeypot-container evf-field-hp\"><label for=\"evf-7-field-hp\" class=\"evf-field-label\">Email<\/label><input type=\"text\" name=\"everest_forms[hp]\" id=\"evf-7-field-hp\" class=\"input-text\"><\/div><div class=\"evf-submit-container \" ><input type=\"hidden\" name=\"everest_forms[id]\" value=\"7\"><input type=\"hidden\" name=\"everest_forms[author]\" value=\"1\"><button type='submit' name='everest_forms[submit]' class='everest-forms-submit-button button evf-submit ' id='evf-submit-7' value='evf-submit' data-process-text=\"Apstr\u0101d\u0101...\" conditional_rules='&quot;&quot;' conditional_id='evf-submit-7'  id=\"evf-submit-7\" aria-live=\"assertive\">S\u016bt\u012bt<\/button><\/div><\/form><\/div><!-- .evf-container --><\/div>\t\t\t\t\t\t<\/div>\n\t\t\t\t<\/div>\n\t\t\t\t<\/div>\n\t\t\t\t<\/div>\n\t\t\t\t<div class=\"elementor-element elementor-element-1ff7b32 elementor-widget__width-inherit elementor-widget elementor-widget-text-editor\" data-id=\"1ff7b32\" data-element_type=\"widget\" data-widget_type=\"text-editor.default\">\n\t\t\t\t<div class=\"elementor-widget-container\">\n\t\t\t\t\t\t\t\t\t<p><span style=\"color: #3f3f46; font-family: Lato; font-size: 3.2rem; font-style: inherit; letter-spacing: 0.01em;\"><b style=\"color: #222222; font-family: Arial, sans-serif; font-size: 16px;\">Adrese<\/b><\/span><span style=\"font-style: inherit; font-weight: inherit; letter-spacing: 0.01em;\">: Gustava Zemgala gatve 12, R\u012bga, LV-1084<\/span><\/p><p><b>Epasts<\/b>: info@prodental.lv<\/p><p><b>Mob<\/b>.: +371 22330744<\/p><p><b>Rekviz\u012bti<\/b>:<br \/>SIA \u201cPRO Dental\u201d<br \/>Re\u0123. nr.: 40103679759<br \/>PVN Nr.: LV40103679759<br \/>Nor\u0113\u0137inu rekviz\u012bti: Luminor Bank AS Latvijas fili\u0101le<br \/>Konts: LV65RIKO0002013304163<br \/>Konts: LV15RIKO0001080150998<\/p>\t\t\t\t\t\t\t\t<\/div>\n\t\t\t\t<\/div>\n\t\t\t\t<div class=\"elementor-element elementor-element-19689cd elementor-widget elementor-widget-image\" data-id=\"19689cd\" data-element_type=\"widget\" data-widget_type=\"image.default\">\n\t\t\t\t<div class=\"elementor-widget-container\">\n\t\t\t\t\t\t\t\t\t\t\t\t\t\t\t<img fetchpriority=\"high\" decoding=\"async\" width=\"812\" height=\"812\" src=\"https:\/\/prodental.wwh.lv\/wp-content\/uploads\/2025\/06\/ProDental_logo-1024x1024.jpg\" class=\"attachment-large size-large wp-image-2883\" alt=\"\" srcset=\"https:\/\/prodental.wwh.lv\/wp-content\/uploads\/2025\/06\/ProDental_logo-1024x1024.jpg 1024w, https:\/\/prodental.wwh.lv\/wp-content\/uploads\/2025\/06\/ProDental_logo-300x300.jpg 300w, https:\/\/prodental.wwh.lv\/wp-content\/uploads\/2025\/06\/ProDental_logo-150x150.jpg 150w, https:\/\/prodental.wwh.lv\/wp-content\/uploads\/2025\/06\/ProDental_logo-768x768.jpg 768w, https:\/\/prodental.wwh.lv\/wp-content\/uploads\/2025\/06\/ProDental_logo.jpg 1080w\" sizes=\"(max-width: 812px) 100vw, 812px\" \/>\t\t\t\t\t\t\t\t\t\t\t\t\t\t\t<\/div>\n\t\t\t\t<\/div>\n\t\t\t\t<\/div>\n\t\t\t\t\t<\/div>\n\t\t\t\t<\/div>\n\t\t\t\t<\/div>\n\t\t","protected":false},"excerpt":{"rendered":"<p>Kontaktinform\u0101cija un rekviz\u012bti Piesaki viz\u012bti vai uzdod jaut\u0101jumu Aizpildi veidlapas formu un m\u0113s sazin\u0101simies! V\u0101rds *E-pasts *Zi\u0146a *MessageS\u016bt\u012bt Adrese: Gustava Zemgala gatve 12, R\u012bga, LV-1084 Epasts: info@prodental.lv Mob.: +371 22330744 Rekviz\u012bti:SIA \u201cPRO Dental\u201dRe\u0123. nr.: 40103679759PVN Nr.: LV40103679759Nor\u0113\u0137inu rekviz\u012bti: Luminor Bank AS Latvijas fili\u0101leKonts: LV65RIKO0002013304163Konts: LV15RIKO0001080150998<\/p>\n","protected":false},"author":1,"featured_media":0,"parent":0,"menu_order":0,"comment_status":"closed","ping_status":"closed","template":"","meta":{"zakra_sidebar_layout":"stretched","zakra_remove_content_margin":false,"zakra_sidebar":"customizer","zakra_transparent_header":"customizer","zakra_logo":0,"zakra_main_header_style":"default","zakra_menu_item_color":"","zakra_menu_item_hover_color":"","zakra_menu_item_active_color":"","zakra_menu_active_style":"","zakra_page_header":true,"footnotes":""},"class_list":["post-11","page","type-page","status-publish","hentry"],"_links":{"self":[{"href":"https:\/\/prodental.wwh.lv\/index.php?rest_route=\/wp\/v2\/pages\/11","targetHints":{"allow":["GET"]}}],"collection":[{"href":"https:\/\/prodental.wwh.lv\/index.php?rest_route=\/wp\/v2\/pages"}],"about":[{"href":"https:\/\/prodental.wwh.lv\/index.php?rest_route=\/wp\/v2\/types\/page"}],"author":[{"embeddable":true,"href":"https:\/\/prodental.wwh.lv\/index.php?rest_route=\/wp\/v2\/users\/1"}],"replies":[{"embeddable":true,"href":"https:\/\/prodental.wwh.lv\/index.php?rest_route=%2Fwp%2Fv2%2Fcomments&post=11"}],"version-history":[{"count":67,"href":"https:\/\/prodental.wwh.lv\/index.php?rest_route=\/wp\/v2\/pages\/11\/revisions"}],"predecessor-version":[{"id":3318,"href":"https:\/\/prodental.wwh.lv\/index.php?rest_route=\/wp\/v2\/pages\/11\/revisions\/3318"}],"wp:attachment":[{"href":"https:\/\/prodental.wwh.lv\/index.php?rest_route=%2Fwp%2Fv2%2Fmedia&parent=11"}],"curies":[{"name":"wp","href":"https:\/\/api.w.org\/{rel}","templated":true}]}}